prime factors of 26884?
2, 11, 13, 47
List the prime factors of 2714.
2, 23, 59
What are the prime factors of 546?
2, 3, 7, 13
What are the prime factors of 14555?
5, 41, 71
List the prime factors of 4519.
4519
What are the prime factors of 509?
509
List the prime factors of 806.
2, 13, 31
What are the prime factors of 3974?
2, 1987
List the prime factors of 68169.
3, 31, 733
What are the prime factors of 3626?
2, 7, 37
List the prime factors of 1162.
2, 7, 83
What are the prime factors of 83349?
3, 7
List the prime factors of 1643.
31, 53
What are the prime factors of 13943?
73, 191
What are the prime factors of 10137?
3, 31, 109
List the prime factors of 3135.
3, 5, 11, 19
What are the prime factors of 994?
2, 7, 71
What are the prime factors of 724?
2, 181
What are the prime factors of 46181?
46181
What are the prime factors of 7243?
7243
List the prime factors of 43751.
67, 653
List the prime factors of 4974.
2, 3, 829
What are the prime factors of 7145?
5, 1429
List the prime factors of 675.
3, 5
List the prime factors of 22047.
3, 7349
List the prime factors of 54066.
2, 3, 9011
List the prime factors of 27031.
27031
What are the prime factors of 77848?
2, 37, 263
List the prime factors of 4255.
5, 23, 37
What are the prime factors of 7907?
7907
List the prime factors of 7074.
2, 3, 131
List the prime factors of 5164.
2, 1291
List the prime factors of 13753.
17, 809
What are the prime factors of 19874?
2, 19, 523
List the prime factors of 549.
3, 61
List the prime factors of 2085.
3, 5, 139
What are the prime factors of 2848?
2, 89
What are the prime factors of 1802?
2, 17, 53
What are the prime factors of 1903?
11, 173
List the prime factors of 13689.
3, 13
What are the prime factors of 1142?
2, 571
List the prime factors of 11445.
3, 5, 7, 109
List the prime factors of 5581.
5581
What are the prime factors of 2439?
3, 271
What are the prime factors of 1399?
1399
List the prime factors of 555.
3, 5, 37
List the prime factors of 140895.
3, 5, 31, 101
List the prime factors of 1113.
3, 7, 53
List the prime factors of 3719.
3719
What are the prime factors of 38435?
5, 7687
List the prime factors of 746.
2, 373
List the prime factors of 1388.
2, 347
List the prime factors of 43524.
2, 3, 13, 31
What are the prime factors of 5875?
5, 47
List the prime factors of 5238.
2, 3, 97
What are the prime factors of 3231?
3, 359
What are the prime factors of 918?
2, 3, 17
What are the prime factors of 65449?
65449
List the prime factors of 4802.
2, 7
What are the prime factors of 38345?
5, 7669
List the prime factors of 28207.
67, 421
List the prime factors of 34631.
34631
List the prime factors of 829.
829
List the prime factors of 88.
2, 11
What are the prime factors of 8919?
3, 991
What are the prime factors of 2139?
3, 23, 31
What are the prime factors of 7647?
3, 2549
List the prime factors of 13617.
3, 17, 89
List the prime factors of 31.
31
List the prime factors of 21.
3, 7
What are the prime factors of 2024?
2, 11, 23
List the prime factors of 3648.
2, 3, 19
What are the prime factors of 170?
2, 5, 17
What are the prime factors of 322?
2, 7, 23
List the prime factors of 18502.
2, 11, 29
List the prime factors of 5705.
5, 7, 163
What are the prime factors of 13044?
2, 3, 1087
What are the prime factors of 8002?
2, 4001
List the prime factors of 1132.
2, 283
List the prime factors of 8317.
8317
List the prime factors of 103438.
2, 51719
List the prime factors of 115.
5, 23
What are the prime factors of 15689?
29, 541
What are the prime factors of 14477?
31, 467
What are the prime factors of 243?
3
List the prime factors of 4552.
2, 569
List the prime factors of 14101.
59, 239
List the prime factors of 7390.
2, 5, 739
What are the prime factors of 1527?
3, 509
What are the prime factors of 16581?
3, 5527
What are the prime factors of 663?
3, 13, 17
List the prime factors of 14555.
5, 41, 71
List the prime factors of 9180.
2, 3, 5, 17
List the prime factors of 262.
2, 131
List the prime factors of 52555.
5, 23, 457
List the prime factors of 1152.
2, 3
What are the prime factors of 29421?
3, 7, 467
What are the prime factors of 2251?
2251
List the prime factors of 6275.
5, 251
What are the prime factors of 1411?
17, 83
What are the prime factors of 7577?
7577
List the prime factors of 18352.
2, 31, 37
List the prime factors of 48510.
2, 3, 5, 7, 11
List the prime factors of 37586.
2, 18793
What are the prime factors of 7641?
3, 283
List the prime factors of 7077.
3, 7, 337
What are the prime factors of 106258?
2, 53129
List the prime factors of 1383.
3, 461
What are the prime factors of 6033?
3, 2011
List the prime factors of 1160.
2, 5, 29
List the prime factors of 2291.
29, 79
List the prime factors of 2762.
2, 1381
What are the prime factors of 4412?
2, 1103
List the prime factors of 58538.
2, 29269
List the prime factors of 706.
2, 353
List the prime factors of 470.
2, 5, 47
List the prime factors of 1178.
2, 19, 31
What are the prime factors of 6296?
2, 787
List the prime factors of 19870.
2, 5, 1987
What are the prime factors of 104774?
2, 52387
What are the prime factors of 13007?
13007
What are the prime factors of 1071?
3, 7, 17
What are the prime factors of 885?
3, 5, 59
What are the prime factors of 18512?
2, 13, 89
List the prime factors of 25222.
2, 12611
What are the prime factors of 66047?
66047
List the prime factors of 188.
2, 47
What are the prime factors of 41776?
2, 7, 373
List the prime factors of 211.
211
List the prime factors of 4345.
5, 11, 79
List the prime factors of 10494.
2, 3, 11, 53
What are the prime factors of 80208?
2, 3, 557
What are the prime factors of 7771?
19, 409
List the prime factors of 3915.
3, 5, 29
What are the prime factors of 3973?
29, 137
What are the prime factors of 25996?
2, 67, 97
What are the prime factors of 2090?
2, 5, 11, 19
List the prime factors of 4063.
17, 239
List the prime factors of 12801.
3, 17, 251
List the prime factors of 2437.
2437
List the prime factors of 6052.
2, 17, 89
List the prime factors of 961.
31
What are the prime factors of 6777?
3, 251
List the prime factors of 5498.
2, 2749
What are the prime factors of 43005?
3, 5, 47, 61
List the prime factors of 12045.
3, 5, 11, 73
What are the prime factors of 7698?
2, 3, 1283
What are the prime factors of 17174?
2, 31, 277
What are the prime factors of 53141?
11, 4831
What are the prime factors of 12744?
2, 3, 59
What are the prime factors of 4468?
2, 1117
List the prime factors of 496.
2, 31
List the prime factors of 151299.
3, 16811
List the prime factors of 130780.
2, 5, 13, 503
What are the prime factors of 98058?
2, 3, 59, 277
List the prime factors of 3318.
2, 3, 7, 79
List the prime factors of 22619.
22619
List the prime factors of 1892.
2, 11, 43
List the prime factors of 23382.
2, 3, 433
List the prime factors of 1059.
3, 353
List the prime factors of 88609.
88609
What are the prime factors of 759?
3, 11, 23
List the prime factors of 8478.
2, 3, 157
List the prime factors of 1773.
3, 197
What are the prime factors of 3042?
2, 3, 13
List the prime factors of 2995.
5, 599
List the prime factors of 11744.
2, 367
What are the prime factors of 93?
3, 31
What are the prime factors of 17242?
2, 37, 233
What are the prime factors of 74576?
2, 59, 79
What are the prime factors of 22093?
22093
What are the prime factors of 3348?
2, 3, 31
List the prime factors of 29.
29
List the prime factors of 4753.
7, 97
List the prime factors of 15677.
61, 257
List the prime factors of 1132.
2, 283
List the prime factors of 9360.
2, 3, 5, 13
List the prime factors of 187729.
227, 827
List the prime factors of 71748.
2, 3, 1993
What are the prime factors of 990?
2, 3, 5, 11
What are the prime factors of 13942?
2, 6971
List the prime factors of 18329.
18329
List the prime factors of 19217.
11, 1747
List the prime factors of 787.
787
What are the prime factors of 2464?
2, 7, 11
List the prime factors of 3741.
3, 29, 43
List the prime factors of 7159.
7159
What are the prime factors of 1410?
2, 3, 5, 47
List the prime factors of 38836.
2, 7, 19, 73
List the prime factors of 13303.
53, 251
List the prime factors of 100198.
2, 7, 17, 421
List the prime factors of 15036.
2, 3, 7, 179
List the prime factors of 504.
2, 3, 7
What are the prime fac